(22).
3
Suppose 13321*z = 13332*z - 22. Let l(r) = -2*r**3 - 4*r**2 + r. Let n(c) = 8*c**3 + 17*c**2 - 3*c. Let k(t) = 9*l(t) + 2*n(t). Give k(z).
-18
Let h(b) = -b**3 - 3*b**2 - 4*b - 4. Let g(m) = -4*m + 45. Let q be g(10). Suppose -21 = 12*f - q*f. Give h(f).
8
Let l(t) be the second derivative of 2*t**3/3 + 5*t**2/2 - t - 172. Calculate l(3).
17
Let v(p) = p**2 + 7*p - 1. Let j(g) = -3*g**3 - 2*g**2 + 8*g + 9. Let b be j(-1). Determine v(b).
17
Let u(q) = 2*q**2 + 5*q. Let n(f) = -11*f**2 - 461*f + 42. Let j be n(-42). Give u(j).
0
Let h(i) = -1 - 399*i**3 - 395*i**3 - 398*i**3 + 1197*i**3. Suppose 0 = 5*l + 13 + 12. Let d = 6 + l. What is h(d)?
4
Let v(o) = -o**3 - 6*o**2 - 5*o + 2. Suppose 3*w - 685 = 4*g + 51, g = -3*w - 169. Let a = -93 - g. Let u = -92 + a. What is v(u)?
-10
Let q(h) = 10*h - 38 - 9*h + 0 - 2*h + 4*h. Give q(9).
-11
Let m(g) = g + 5. Let n be m(7). Let q(p) = -p**2 + 19 - 8 + 13*p - 27. Let l be q(n). Let d(u) = u**3 + 2*u**2 - 5*u + 2. Give d(l).
-10
Let c be 1 - 1 - (59 + -4)/(-5). Let t(i) = -8*i**2 - i**3 - c + 5*i + 4 - 11*i. What is t(-7)?
-14
Let i(o) = -o**2 - 5*o + 5. Let n be ((-247)/18 - 4/(-18))*-2. Let s = -26 + n. Let v(u) = -9*u**3 + u**2 + 4*u - 4. Let d be v(s). What is i(d)?
-19
Let v(u) be the first derivative of -3/2*u**3 - 11 - u + 1/12*u**4 - 1/2*u**2. Let l(q) be the first derivative of v(q). What is l(7)?
-15
Let z(v) = 14*v. Let k(x) = 11*x**2 - 243*x + 26. Let m be k(22). Give z(m).
56
Let s(x) = 30*x - 58*x + 8 + 29*x. Let l be s(-8). Suppose 5*j + 1 + 24 = l. Let n(d) = -2*d**2 - 7*d + 2. Give n(j).
-13
Suppose -7*z + 112 = 7*z. Let r(c) = z - 4 - c - 8. Calculate r(-5).
1
Let u(n) = -4*n**2 + 2 - 3*n + 7*n**2 + 0. Let g be (-3)/(-18) - (-13174)/84. Let c = 159 - g. Give u(c).
8
Let r(i) = 19*i**2 - 13*i + 1. Let x(f) = -8*f**2 + 7*f - 1. Let d(h) = 4*r(h) + 9*x(h). Calculate d(-3).
-2
Let j(g) = g. Suppose -8 + 48 = -y. Let h be (-1 - 32)*(y/12)/(-10). Determine j(h).
-11
Let b = -11419 + 11425. Let v(l) = 2*l**2 - 6*l - 27. Determine v(b).
9
Let a(f) = f + 2. Suppose -9 = -d + 2*d + 4*v, -2*d + 9 = -v. Let s(x) = -2*x - 2. Let u(o) = d*a(o) + 2*s(o). Give u(-2).
4
Let y(u) = -u + 1. Let j(k) = -8 + 2*k + 5 - 3*k + 3*k. Let g(v) = 4*j(v) + 9*y(v). Determine g(5).
-8
Let o(h) = 4*h - 2*h - 6*h**2 - h**3 - 26 - 28 + 63. Let p(b) = 235*b - 6. Let c be p(0). Determine o(c).
-3
Let o(l) = l + 8. Let a be 2 + (-5 - -2)*1. Let k be 6*(a/5)/((-6)/(-10)). Let s be 3/(31/(-14) - k). Give o(s).
-6
Let o be 6/(-8) + 3393/(-468). Let w(h) = 3*h + 24. What is w(o)?
0
Suppose 0 = -54*p - 213 - 219. Let f(u) = -u**3 - 8*u**2 - 3*u - 17. Determine f(p).
7
Let p(f) = f + 6. Let r be p(-11). Let a be ((-108)/90)/(2/r). Let v(z) = -7*z + 2. Give v(a).
-19
Suppose 3*k = -2*i + 13, 2*k + 0*k - 2 = 2*i. Let d(r) = r**3 + r**2 + r - 2. Let x(f) = 2*f**3 + 3*f**2 + 2*f - 5. Let w(p) = 9*d(p) - 4*x(p). Give w(i).
0
Let w(o) = o**3 + 4*o**2 - 2*o. Let f be w(-4). Suppose 3*s - t = -2*t + 10, f = s - 2*t. Let u(h) = 3*h**2 - 5*h + 6. Give u(s).
34
Let k(w) = -w**2 - 5*w + 2. Let l = 3918 - 3928. What is k(l)?
-48
Let n = 5 - 1. Let j = 1186 + -1168. Suppose -n*w - 6 = -j. Let r(m) = m + 2. What is r(w)?
5
Let b(w) = -16*w**3 + 21*w**2 + 11*w - 1. Let p(u) = 28*u + 26*u + 3*u**3 - 4*u**2 - 56*u. Let c(g) = -2*b(g) - 11*p(g). Give c(2).
2
Let s(o) = o**2 - 13*o**3 - 8*o**2 + 12*o**3 + 3 + 8*o. Let z = -307 - -182. Let x = 117 + z. Give s(x).
3
Let r(b) = 9*b. Let m(w) be the third derivative of 5*w**4/12 + w**3/6 - 2*w**2 + 2*w. Let u(g) = 4*m(g) - 5*r(g). What is u(6)?
-26
Let c = 30 + 62. Suppose 0 = -4*k - 4*y - c, -5*y = -8*y + 3. Let q = 27 + k. Let i(b) = b. Give i(q).
3
Let a(u) = -12*u + 58. Let s be a(4). Let x(w) = w**2 + 13*w - w**2 - s - 7*w**2 + 6*w**2. What is x(8)?
30
Let y = 3748 + -3746. Let z(j) = 22*j + 1. Determine z(y).
45
Suppose 19*p + 93 = 1100. Suppose -9*h = p - 44. Let m(y) = 6*y. What is m(h)?
-6
Let s(m) be the second derivative of 3*m**7/280 + m**5/120 + 5*m**3/6 - m - 9. Let u(y) be the second derivative of s(y). Calculate u(-1).
-10
Let g(c) be the first derivative of -c**2/2 + 1. Let j = -518 + 522. Let i(o) = 6*o - 26. Let l be i(j). Determine g(l).
2
Suppose -9*r + 3*r - 54 = 0. Let q(u) = 4*u - 37. Let t(a) = a - 9. Let l(o) = r*t(o) + 2*q(o). Let n be ((-10)/4)/(4/(-8)). Determine l(n).
2
Let z(c) = -3*c + 4. Let x(l) be the second derivative of l**5 - l**4/12 + l**3/6 + l**2/2 + 12*l. Let f be x(1). Suppose f = 9*n - 6. Calculate z(n).
-5
Let a(s) = -8*s + 12. Let m = 2687 - 2692. Give a(m).
52
Let v(r) = -2*r**3 - 15*r**2 - 6*r - 12. Let f = 7829 + -7836. Determine v(f).
-19
Let i(m) = 5*m**2 + m + 8. Suppose -5*x + 30 = 5*q, -3*q + x = 224 - 234. Give i(q).
92
Let t(k) = 2*k**3 - 2*k**2 - 3*k + 8. Let y(i) = 16*i**2 + 741*i + 234. Let c be y(-46). What is t(c)?
92
Suppose i = 3*l - 1, -2*l - l = 4*i + 4. Suppose 2 + l = a. Let t(w) = -w**2 - w - 9. Let u(k) = k**2 + 2. Let d(o) = -t(o) - 4*u(o). Give d(a).
-9
Let r be -79 + 85 + 0 + -10. Let k(u) = -6*u - 25. What is k(r)?
-1
Let x(z) = -8*z**2 - 6. Suppose -12*q = -7*q + 20, 3*q + 18 = 2*j. Calculate x(j).
-78
Let f(j) = -2*j - 25 + 5 + 2 - 3. Suppose 0 = 10*t + 57 + 53. Give f(t).
1
Suppose -60 + 30 = -6*k. Let g(p) = 2*p**2 - 1. Let s(d) = -13*d**2 + d + 7. Let n(a) = k*g(a) + s(a). Give n(3).
-22
Let r(o) = -7*o + 5 + 2*o + 6*o - 4*o. Let k be r(0). Let h(i) = -3*i - 2*i**2 + 4*i + 3*i**2 + 0*i + k. Calculate h(0).
5
Let o(f) = -1 + 20*f**2 + 26*f**2 + 5*f - 45*f**2. Suppose 2*q = q - 4, -d + 3*q - 33 = 0. Let n = 42 + d. Calculate o(n).
-7
Let f(x) = 2*x**3 - 5*x**2 + x - 10. Let k be f(3). Let z(i) = -64 + 8*i + 58 - 57*i**2 + 56*i**k. Give z(8).
-6
Let w be 4/(-8)*((-16)/(-8) + -2). Let h(d) = 14*d - 2. What is h(w)?
-2
Let v(q) be the first derivative of 35 - 2*q**2 + 0*q - 1/3*q**3. Let m(g) = -g - 5. Let c be m(0). Determine v(c).
-5
Let a(s) = -3 + 16801*s**3 - 5*s**2 - 4*s**2 - 16802*s**3 + 10*s. Calculate a(-11).
129
Suppose -5*f = -2*w + 41, -11*f + 12*f - 8 = -5*w. Let m be 3/(-6)*22/(0 - 1). Let o(y) = -m - 7 + y + 19. Calculate o(f).
-6
Let a(p) = -11*p - 21. Let q(w) = 6*w + 16. Let s(k) = 4*a(k) + 7*q(k). Determine s(16).
-4
Let t(j) = -j**3 - 18*j**2 + 2*j + 31. Let d be t(-18). Let f(y) = -y + 4. Let n(o) = o - 5. Let k(x) = d*f(x) - 4*n(x). What is k(-6)?
-6
Let f be (27/15)/((-99)/(-165)). Let y(s) = s + 3. Let v(i) = -i - 2. Suppose -w + 20 = 4*w. Let p(h) = f*y(h) + w*v(h). Determine p(3).
-2
Let b be 2/(-6)*(-69)/(-207)*(-18)/8. Let u(y) be the first derivative of 1/3*y**3 + 10*y - b*y**4 + 1/2*y**2 - 12. Calculate u(0).
10
Let d be (-14)/4 - (-2)/4. Let o(x) = 3*x**3 - 1142*x**2 + 23*x - 3. Let r(w) = w**3 - 408*w**2 + 8*w - 1. Let g(t) = 5*o(t) - 14*r(t). Give g(d).
-19
Let m(x) = -x**2 - x + 1. Let y(g) = 3*g**2 - 9*g - 27. Suppose -11*r + 6*r - 10 = -5*b, 5*r + 3 = -2*b. Let l(n) = r*y(n) - 2*m(n). What is l(13)?
-1
Let s(t) = 13*t + 38. Let g(x) = -2*x + 1. Let n(p) = -9*p + 11. Let y(j) = 33*g(j) - 6*n(j). Let v(k) = 6*s(k) + 7*y(k). Determine v(-3).
15
Let w(c) = 59*c**2 - 3*c - 2. Suppose 98*a + 4*j = 93*a - 1, -3*a + 1 = 4*j. Give w(a).
60
Let i be (231/693)/((-1)/(-9)). Let h(c) = 4*c - 4. Give h(i).
8
Let j be (-2)/(-4)*(-4 + 2 - -12). Suppose -j*q = 4*q - 36. Let z(y) be the third derivative of -y**6/120 + y**5/12 - y**4/4 + y**3/6 + 5*y**2. Determine z(q).
-7
Suppose -5*i - 41 = 5*z + 39, -3*z = 2*i + 39. Let u(d) = 13*d + 88. What is u(i)?
-29
Let f(d) be the first derivative of -13*d**2/2 - 94*d - 3601. Give f(-7).
-3
Let r(p) = -p - 13. Suppose -2*f + 2*q + 1 = 5, -2*f = 4*q - 26. Let c be 4/2*f/18*-51. Give r(c).
4
Let b(r) = r**2 - 2*r - 42. Suppose -23414*o + 115 = -23437*o. Calculate b(o).
-7
Let r(s) = s**3 + 18*s**2 + 31*s - 22. Let f be r(-16). Suppose -2*x = 4*i - 24, 4*x - 2*i - 3 = -i. Let c(y) = x*y - 4*y - 10 + y. Determine c(f).
-4
Let c(a) = 88*a**2 + 37*a - 14. Let y(r) = -25*r**2 - 12*r + 5. Let u(j) = -2*c(j) - 7*y(j). Let x be 5 + -2 + 1 - -1. What is u(x)?
18
Suppose -5*t - 28 = 2*f - 48, -5*f + 12 = 3*t. Let r(q) = 6*q + 16. What is r(t)?
40
Let k(s) = -160*s + 2 + s**3 + 0*s**2 + 468*s + 6*s**2 - 153*s - 150*s. Determine k(-4).
14
Suppose 3*f = 2*n + 2*f - 20, 5*